{"id":499,"date":"2025-11-23T20:50:41","date_gmt":"2025-11-23T19:50:41","guid":{"rendered":"https:\/\/superb-iguana-1.10web.cloud\/regulamin-2\/"},"modified":"2025-11-23T20:50:41","modified_gmt":"2025-11-23T19:50:41","slug":"regulamin-2","status":"publish","type":"page","link":"https:\/\/new.brainhouse.pl\/?page_id=499","title":{"rendered":"Regulamin"},"content":{"rendered":"\t\t<div data-elementor-type=\"wp-page\" data-elementor-id=\"499\" class=\"elementor elementor-499\">\n\t\t\t\t<div class=\"elementor-element elementor-element-q9bxn86t twbb_section e-con-boxed e-flex e-con e-parent\" data-id=\"q9bxn86t\" data-element_type=\"container\">\n\t\t\t\t\t<div class=\"e-con-inner\">\n\t\t\t\t<div class=\"elementor-element elementor-element-vy6wkfst elementor-widget__width-initial elementor-widget-mobile__width-inherit elementor-widget-tablet__width-initial elementor-invisible elementor-widget elementor-widget-heading\" data-id=\"vy6wkfst\" data-element_type=\"widget\" data-settings=\"{&quot;_animation&quot;:&quot;fadeInUp&quot;}\" data-widget_type=\"heading.default\">\n\t\t\t\t\t<h1 class=\"elementor-heading-title elementor-size-default\">Regulamin<\/h1>\t\t\t\t<\/div>\n\t\t\t\t\t<\/div>\n\t\t\t\t<\/div>\n\t\t<div class=\"elementor-element elementor-element-3w5z8bab twbb_section e-con-boxed e-flex e-con e-parent\" data-id=\"3w5z8bab\" data-element_type=\"container\">\n\t\t\t\t\t<div class=\"e-con-inner\">\n\t\t\t\t<div class=\"elementor-element elementor-element-qza33qhy elementor-widget__width-initial elementor-widget-mobile__width-inherit elementor-widget-tablet__width-initial elementor-invisible elementor-widget elementor-widget-text-editor\" data-id=\"qza33qhy\" data-element_type=\"widget\" data-settings=\"{&quot;_animation&quot;:&quot;fadeInUp&quot;}\" data-widget_type=\"text-editor.default\">\n\t\t\t\t\t\t\t\t\t<p>Witamy w Brain House &#8211; Inteligentne Domy! Niniejszy regulamin okre\u015bla zasady i przepisy dotycz\u0105ce korzystania z naszej strony internetowej i us\u0142ug. Uzyskuj\u0105c dost\u0119p do tej strony internetowej i\/lub korzystaj\u0105c z naszych us\u0142ug, akceptujesz w ca\u0142o\u015bci niniejszy regulamin. Je\u015bli nie zgadzasz si\u0119 z niniejszym regulaminem lub jak\u0105kolwiek jego cz\u0119\u015bci\u0105, nie mo\u017cesz korzysta\u0107 z tej strony internetowej ani z naszych us\u0142ug.<\/p>\n\n<p><b>1. Definicje<\/b><\/p>\n<p>W niniejszym Regulaminie:<\/p>\n<ul>\n    <li>\u201eBrain House\u201d, \u201emy\u201d, \u201enas\u201d lub \u201enasz\u201d odnosi si\u0119 do Brain House &#8211; Inteligentne Domy, z siedzib\u0105 w \u0141odzi, Polska.<\/li>\n    <li>\u201eUs\u0142ugi\u201d oznaczaj\u0105 projektowanie, instalacj\u0119, programowanie i konserwacj\u0119 system\u00f3w inteligentnego domu opartych na standardzie KNX, w tym o\u015bwietlenie, zacienianie, ogrzewanie, klimatyzacj\u0119, bezpiecze\u0144stwo, kamery i rozwi\u0105zania audio.<\/li>\n    <li>\u201eStrona internetowa\u201d oznacza stron\u0119 internetow\u0105 Brain House &#8211; Inteligentne Domy.<\/li>\n    <li>\u201eU\u017cytkownik\u201d, \u201ety\u201d lub \u201etw\u00f3j\u201d odnosi si\u0119 do ka\u017cdej osoby uzyskuj\u0105cej dost\u0119p do strony internetowej lub korzystaj\u0105cej z naszych us\u0142ug.<\/li>\n<\/ul>\n\n<p><b>2. Korzystanie ze strony internetowej<\/b><\/p>\n<p>Ta strona internetowa ma na celu dostarczanie informacji o naszych us\u0142ugach i u\u0142atwianie komunikacji z potencjalnymi klientami. Mo\u017cesz korzysta\u0107 ze strony internetowej wy\u0142\u0105cznie w celach zgodnych z prawem. Nie wolno korzysta\u0107 ze strony internetowej w spos\u00f3b, kt\u00f3ry powoduje lub mo\u017ce powodowa\u0107 uszkodzenie strony internetowej lub pogorszenie jej dost\u0119pno\u015bci; ani w jakikolwiek spos\u00f3b niezgodny z prawem, nielegalny, oszuka\u0144czy lub szkodliwy, ani w zwi\u0105zku z jakimkolwiek niezgodnym z prawem, nielegalnym, oszuka\u0144czym lub szkodliwym celem lub dzia\u0142aniem.<\/p>\n\n<p><b>3. W\u0142asno\u015b\u0107 intelektualna<\/b><\/p>\n<p>O ile nie okre\u015blono inaczej, Brain House &#8211; Inteligentne Domy jest w\u0142a\u015bcicielem praw w\u0142asno\u015bci intelektualnej do wszystkich materia\u0142\u00f3w na tej stronie internetowej. Wszystkie prawa w\u0142asno\u015bci intelektualnej s\u0105 zastrze\u017cone. Mo\u017cesz przegl\u0105da\u0107, pobiera\u0107 wy\u0142\u0105cznie w celu buforowania i drukowa\u0107 strony ze strony internetowej do w\u0142asnego u\u017cytku osobistego, z zastrze\u017ceniem ogranicze\u0144 okre\u015blonych poni\u017cej i w innych miejscach niniejszego regulaminu.<\/p>\n<p>Nie wolno:<\/p>\n<ol>\n    <li>Ponownie publikowa\u0107 materia\u0142\u00f3w z tej strony internetowej (w tym publikowa\u0107 na innej stronie internetowej).<\/li>\n    <li>Sprzedawa\u0107, wynajmowa\u0107 ani udziela\u0107 sublicencji na materia\u0142y ze strony internetowej.<\/li>\n    <li>Wy\u015bwietla\u0107 publicznie jakichkolwiek materia\u0142\u00f3w ze strony internetowej.<\/li>\n    <li>Reprodukowa\u0107, powiela\u0107, kopiowa\u0107 ani w inny spos\u00f3b wykorzystywa\u0107 materia\u0142\u00f3w na tej stronie internetowej w celach komercyjnych.<\/li>\n    <li>Edytowa\u0107 ani w inny spos\u00f3b modyfikowa\u0107 jakichkolwiek materia\u0142\u00f3w na stronie internetowej.<\/li>\n<\/ol>\n\n<p><b>4. Us\u0142ugi<\/b><\/p>\n<p>Brain House &#8211; Inteligentne Domy oferuje kompleksowe rozwi\u0105zania dla inteligentnych dom\u00f3w, w tym:<\/p>\n<ul>\n    <li>Konsultacje w celu zrozumienia Twoich potrzeb i preferencji.<\/li>\n    <li>Projekt instalacji dostosowany do Twoich konkretnych wymaga\u0144.<\/li>\n    <li>Profesjonalna instalacja system\u00f3w inteligentnego domu opartych na KNX.<\/li>\n    <li>Programowanie i konfiguracja urz\u0105dze\u0144 inteligentnego domu.<\/li>\n    <li>Bie\u017c\u0105ca konserwacja i wsparcie w celu zapewnienia optymalnej wydajno\u015bci.<\/li>\n<\/ul>\n<p>Dok\u0142adamy wszelkich stara\u0144, aby \u015bwiadczy\u0107 wysokiej jako\u015bci us\u0142ugi, kt\u00f3re spe\u0142niaj\u0105 Twoje oczekiwania. Nie gwarantujemy jednak, \u017ce nasze us\u0142ugi b\u0119d\u0105 nieprzerwane lub wolne od b\u0142\u0119d\u00f3w. Nie ponosimy odpowiedzialno\u015bci za jakiekolwiek szkody wynikaj\u0105ce z korzystania z naszych us\u0142ug.<\/p>\n\n<p><b>5. Ograniczenie odpowiedzialno\u015bci<\/b><\/p>\n<p>Brain House &#8211; Inteligentne Domy nie ponosi odpowiedzialno\u015bci wobec Ciebie (czy to na mocy prawa um\u00f3w, prawa delikt\u00f3w, czy w inny spos\u00f3b) w zwi\u0105zku z tre\u015bci\u0105, korzystaniem lub w inny spos\u00f3b w zwi\u0105zku z t\u0105 stron\u0105 internetow\u0105:<\/p>\n<ul>\n    <li>W zakresie, w jakim strona internetowa jest udost\u0119pniana bezp\u0142atnie, za jakiekolwiek straty bezpo\u015brednie.<\/li>\n    <li>Za jakiekolwiek straty po\u015brednie, specjalne lub wynikowe.<\/li>\n    <li>Za jakiekolwiek straty biznesowe, utrat\u0119 przychod\u00f3w, dochod\u00f3w, zysk\u00f3w lub oczekiwanych oszcz\u0119dno\u015bci, utrat\u0119 um\u00f3w lub relacji biznesowych, utrat\u0119 reputacji lub warto\u015bci firmy, utrat\u0119 lub uszkodzenie informacji lub danych.<\/li>\n<\/ul>\n<p>Ograniczenia odpowiedzialno\u015bci maj\u0105 zastosowanie, nawet je\u015bli Brain House &#8211; Inteligentne Domy zosta\u0142 wyra\u017anie poinformowany o potencjalnej stracie.<\/p>\n\n<p><b>6. Wy\u0142\u0105czenie gwarancji<\/b><\/p>\n<p>Us\u0142ugi \u015bwiadczone przez Brain House s\u0105 \u015bwiadczone na zasadzie \u201etak jak jest\u201d i \u201ew miar\u0119 dost\u0119pno\u015bci\u201d. Brain House nie sk\u0142ada \u017cadnych o\u015bwiadcze\u0144 ani gwarancji jakiegokolwiek rodzaju, wyra\u017anych lub dorozumianych, co do dzia\u0142ania ich us\u0142ug lub informacji, tre\u015bci, materia\u0142\u00f3w lub produkt\u00f3w zawartych na tej stronie internetowej. Wyra\u017anie zgadzasz si\u0119, \u017ce korzystasz z tych us\u0142ug na w\u0142asne ryzyko.<\/p>\n\n<p><b>7. Odszkodowanie<\/b><\/p>\n<p>Zgadzasz si\u0119 zabezpieczy\u0107, broni\u0107 i chroni\u0107 Brain House &#8211; Inteligentne Domy, jego urz\u0119dnik\u00f3w, dyrektor\u00f3w, pracownik\u00f3w, agent\u00f3w, licencjodawc\u00f3w i dostawc\u00f3w przed wszelkimi stratami, wydatkami, szkodami i kosztami, w tym uzasadnionymi honorariami adwokackimi, wynikaj\u0105cymi z jakiegokolwiek naruszenia niniejszego regulaminu lub jakiejkolwiek dzia\u0142alno\u015bci zwi\u0105zanej z korzystaniem przez Ciebie ze strony internetowej lub us\u0142ug (w tym zaniedbania lub bezprawnego post\u0119powania) przez Ciebie lub jak\u0105kolwiek inn\u0105 osob\u0119 uzyskuj\u0105c\u0105 dost\u0119p do strony internetowej za pomoc\u0105 Twojego konta internetowego.<\/p>\n\n<p><b>8. Zmiany<\/b><\/p>\n<p>Brain House &#8211; Inteligentne Domy mo\u017ce od czasu do czasu zmienia\u0107 niniejszy regulamin. Zmieniony regulamin b\u0119dzie mia\u0142 zastosowanie do korzystania z tej strony internetowej od daty publikacji zmienionego regulaminu na tej stronie internetowej. Prosimy regularnie sprawdza\u0107 t\u0119 stron\u0119, aby upewni\u0107 si\u0119, \u017ce znasz aktualn\u0105 wersj\u0119.<\/p>\n\n<p><b>9. Cesja<\/b><\/p>\n<p>Brain House &#8211; Inteligentne Domy mo\u017ce przenie\u015b\u0107, podzleci\u0107 lub w inny spos\u00f3b dysponowa\u0107 prawami i\/lub obowi\u0105zkami Brain House &#8211; Inteligentne Domy wynikaj\u0105cymi z niniejszego regulaminu bez powiadamiania Ciebie lub uzyskiwania Twojej zgody.<\/p>\n<p>Nie mo\u017cesz przenosi\u0107, podzleca\u0107 ani w inny spos\u00f3b dysponowa\u0107 swoimi prawami i\/lub obowi\u0105zkami wynikaj\u0105cymi z niniejszego regulaminu.<\/p>\n\n<p><b>10. Rozdzielno\u015b\u0107 postanowie\u0144<\/b><\/p>\n<p>Je\u015bli jakiekolwiek postanowienie niniejszego regulaminu zostanie uznane przez jakikolwiek s\u0105d lub inny w\u0142a\u015bciwy organ za niezgodne z prawem i\/lub niewykonalne, pozosta\u0142e postanowienia pozostan\u0105 w mocy. Je\u015bli jakiekolwiek niezgodne z prawem i\/lub niewykonalne postanowienie by\u0142oby zgodne z prawem lub wykonalne, gdyby cz\u0119\u015b\u0107 z niego zosta\u0142a usuni\u0119ta, ta cz\u0119\u015b\u0107 zostanie uznana za usuni\u0119t\u0105, a pozosta\u0142a cz\u0119\u015b\u0107 postanowienia pozostanie w mocy.<\/p>\n\n<p><b>11. Ca\u0142o\u015b\u0107 umowy<\/b><\/p>\n<p>Niniejszy regulamin, wraz z nasz\u0105 polityk\u0105 prywatno\u015bci, stanowi ca\u0142o\u015b\u0107 umowy mi\u0119dzy Tob\u0105 a Brain House &#8211; Inteligentne Domy w odniesieniu do korzystania przez Ciebie z tej strony internetowej i naszych us\u0142ug i zast\u0119puje wszystkie poprzednie umowy dotycz\u0105ce korzystania przez Ciebie z tej strony internetowej i naszych us\u0142ug.<\/p>\n\n<p><b>12. Prawo i jurysdykcja<\/b><\/p>\n<p>Niniejszy regulamin b\u0119dzie podlega\u0142 i b\u0119dzie interpretowany zgodnie z prawem polskim, a wszelkie spory zwi\u0105zane z niniejszym regulaminem b\u0119d\u0105 podlega\u0107 wy\u0142\u0105cznej jurysdykcji s\u0105d\u00f3w polskich.<\/p>\n\n<p><b>13. Informacje kontaktowe<\/b><\/p>\n<p>Je\u015bli masz jakiekolwiek pytania dotycz\u0105ce niniejszego regulaminu, skontaktuj si\u0119 z nami pod adresem:<\/p>\n<p>Brain House &#8211; Inteligentne Domy<br\/>\n\u0141\u00f3d\u017a, Polska<br\/>\n[Tw\u00f3j numer telefonu]<br\/>\n[Tw\u00f3j adres e-mail]<\/p>\t\t\t\t\t\t\t\t<\/div>\n\t\t\t\t\t<\/div>\n\t\t\t\t<\/div>\n\t\t\t\t<\/div>\n\t\t","protected":false},"excerpt":{"rendered":"","protected":false},"author":1,"featured_media":0,"parent":0,"menu_order":0,"comment_status":"closed","ping_status":"publish","template":"","meta":{"two_page_speed":[],"footnotes":""},"class_list":["post-499","page","type-page","status-publish","hentry"],"_links":{"self":[{"href":"https:\/\/new.brainhouse.pl\/index.php?rest_route=\/wp\/v2\/pages\/499","targetHints":{"allow":["GET"]}}],"collection":[{"href":"https:\/\/new.brainhouse.pl\/index.php?rest_route=\/wp\/v2\/pages"}],"about":[{"href":"https:\/\/new.brainhouse.pl\/index.php?rest_route=\/wp\/v2\/types\/page"}],"author":[{"embeddable":true,"href":"https:\/\/new.brainhouse.pl\/index.php?rest_route=\/wp\/v2\/users\/1"}],"replies":[{"embeddable":true,"href":"https:\/\/new.brainhouse.pl\/index.php?rest_route=%2Fwp%2Fv2%2Fcomments&post=499"}],"version-history":[{"count":0,"href":"https:\/\/new.brainhouse.pl\/index.php?rest_route=\/wp\/v2\/pages\/499\/revisions"}],"wp:attachment":[{"href":"https:\/\/new.brainhouse.pl\/index.php?rest_route=%2Fwp%2Fv2%2Fmedia&parent=499"}],"curies":[{"name":"wp","href":"https:\/\/api.w.org\/{rel}","templated":true}]}}