{"id":484,"date":"2025-11-23T20:50:40","date_gmt":"2025-11-23T19:50:40","guid":{"rendered":"https:\/\/superb-iguana-1.10web.cloud\/strona-glowna-3\/"},"modified":"2025-11-23T20:50:40","modified_gmt":"2025-11-23T19:50:40","slug":"strona-glowna-3","status":"publish","type":"page","link":"https:\/\/new.brainhouse.pl\/?page_id=484","title":{"rendered":"Strona g\u0142\u00f3wna"},"content":{"rendered":"\t\t<div data-elementor-type=\"wp-page\" data-elementor-id=\"484\" class=\"elementor elementor-484\">\n\t\t\t\t<div class=\"elementor-element elementor-element-x1fpfola twbb_section twbb_full_h e-con-boxed e-flex e-con e-parent\" data-id=\"x1fpfola\" data-element_type=\"container\" id=\"smart-living-simplified\" data-settings=\"{&quot;background_background&quot;:&quot;classic&quot;}\">\n\t\t\t\t\t<div class=\"e-con-inner\">\n\t\t\t\t<div class=\"elementor-element elementor-element-5aupx2uc elementor-widget__width-initial elementor-widget-mobile__width-inherit elementor-widget-tablet__width-initial elementor-invisible elementor-widget elementor-widget-text-editor\" data-id=\"5aupx2uc\" data-element_type=\"widget\" data-settings=\"{&quot;_animation&quot;:&quot;fadeInUp&quot;}\" data-widget_type=\"text-editor.default\">\n\t\t\t\t\t\t\t\t\tWitamy w przysz\u0142o\u015bci mieszkania! Brain House specjalizuje si\u0119 w tworzeniu inteligentnych dom\u00f3w, kt\u00f3re p\u0142ynnie integruj\u0105 technologi\u0119, aby zwi\u0119kszy\u0107 Tw\u00f3j komfort, bezpiecze\u0144stwo i efektywno\u015b\u0107 energetyczn\u0105. Odkryj, jak nasze rozwi\u0105zania oparte na KNX mog\u0105 przekszta\u0142ci\u0107 Tw\u00f3j dom w inteligentn\u0105 oaz\u0119.\t\t\t\t\t\t\t\t<\/div>\n\t\t\t\t\t<\/div>\n\t\t\t\t<\/div>\n\t\t<div class=\"elementor-element elementor-element-x34uoht2 twbb_section e-con-boxed e-flex e-con e-parent\" data-id=\"x34uoht2\" data-element_type=\"container\" id=\"our-intelligent-solutions\" data-settings=\"{&quot;background_background&quot;:&quot;classic&quot;}\">\n\t\t\t\t\t<div class=\"e-con-inner\">\n\t\t<div class=\"elementor-element elementor-element-52470ru4 e-con-full e-flex e-con e-parent\" data-id=\"52470ru4\" data-element_type=\"container\">\n\t\t\t\t<div class=\"elementor-element elementor-element-qq8awhaz elementor-widget__width-initial elementor-widget-mobile__width-inherit elementor-widget-tablet__width-initial elementor-invisible elementor-widget elementor-widget-heading\" data-id=\"qq8awhaz\" data-element_type=\"widget\" data-settings=\"{&quot;_animation&quot;:&quot;fadeInUp&quot;}\" data-widget_type=\"heading.default\">\n\t\t\t\t\t<h2 class=\"elementor-heading-title elementor-size-default\">Poznaj nasze <em>Inteligentne Rozwi\u0105zania<\/em> dla Inteligentniejszego Domu<\/h2>\t\t\t\t<\/div>\n\t\t\t\t<div class=\"elementor-element elementor-element-udpc7ppw elementor-widget__width-initial elementor-widget-mobile__width-inherit elementor-widget-tablet__width-initial elementor-invisible elementor-widget elementor-widget-text-editor\" data-id=\"udpc7ppw\" data-element_type=\"widget\" data-settings=\"{&quot;_animation&quot;:&quot;fadeInUp&quot;}\" data-widget_type=\"text-editor.default\">\n\t\t\t\t\t\t\t\t\tW Brain House oferujemy kompleksowy zestaw inteligentnych rozwi\u0105za\u0144 zaprojektowanych, aby przekszta\u0142ci\u0107 Tw\u00f3j dom w inteligentn\u0105, wydajn\u0105 i komfortow\u0105 przestrze\u0144 \u017cyciow\u0105. Od automatycznego o\u015bwietlenia i kontroli klimatu po zaawansowane systemy bezpiecze\u0144stwa i wci\u0105gaj\u0105ce wra\u017cenia audio, nasze rozwi\u0105zania s\u0105 dostosowane do Twoich unikalnych potrzeb i preferencji, a wszystko to w oparciu o niezawodny standard KNX.\t\t\t\t\t\t\t\t<\/div>\n\t\t\t\t<\/div>\n\t\t<div class=\"elementor-element elementor-element-xen6du6g e-con-full e-flex e-con e-parent\" data-id=\"xen6du6g\" data-element_type=\"container\">\n\t\t\t\t<\/div>\n\t\t\t\t\t<\/div>\n\t\t\t\t<\/div>\n\t\t<div class=\"elementor-element elementor-element-anv452wr twbb_section e-con-boxed e-flex e-con e-parent\" data-id=\"anv452wr\" data-element_type=\"container\" id=\"advantages-of-the-knx-standard\" data-settings=\"{&quot;background_background&quot;:&quot;classic&quot;}\">\n\t\t\t\t\t<div class=\"e-con-inner\">\n\t\t<div class=\"elementor-element elementor-element-acgphaww e-con-full e-flex e-con e-parent\" data-id=\"acgphaww\" data-element_type=\"container\">\n\t\t\t\t<div class=\"elementor-element elementor-element-2jhqgto9 elementor-widget__width-initial elementor-widget-mobile__width-inherit elementor-widget-tablet__width-initial elementor-invisible elementor-widget elementor-widget-heading\" data-id=\"2jhqgto9\" data-element_type=\"widget\" data-settings=\"{&quot;_animation&quot;:&quot;fadeInUp&quot;}\" data-widget_type=\"heading.default\">\n\t\t\t\t\t<h2 class=\"elementor-heading-title elementor-size-default\">Odkryj <em>Niezr\u00f3wnane Zalety<\/em> standardu KNX dla Inteligentnych Dom\u00f3w<\/h2>\t\t\t\t<\/div>\n\t\t\t\t<div class=\"elementor-element elementor-element-panw6qlf elementor-widget__width-initial elementor-widget-mobile__width-inherit elementor-widget-tablet__width-initial elementor-invisible elementor-widget elementor-widget-text-editor\" data-id=\"panw6qlf\" data-element_type=\"widget\" data-settings=\"{&quot;_animation&quot;:&quot;fadeInUp&quot;}\" data-widget_type=\"text-editor.default\">\n\t\t\t\t\t\t\t\t\tStandard KNX oferuje solidne i przysz\u0142o\u015bciowe rozwi\u0105zanie dla automatyki domowej. Jego zdecentralizowana architektura zapewnia niezawodno\u015b\u0107, a elastyczno\u015b\u0107 pozwala na bezproblemow\u0105 integracj\u0119 r\u00f3\u017cnych urz\u0105dze\u0144 i system\u00f3w. Interoperacyjno\u015b\u0107 KNX gwarantuje kompatybilno\u015b\u0107 mi\u0119dzy r\u00f3\u017cnymi producentami, zapewniaj\u0105c prawdziwie inteligentny i po\u0142\u0105czony dom. Wybierz KNX dla systemu, kt\u00f3ry dostosowuje si\u0119 do Twoich zmieniaj\u0105cych si\u0119 potrzeb.\t\t\t\t\t\t\t\t<\/div>\n\t\t\t\t<\/div>\n\t\t<div class=\"elementor-element elementor-element-inamdwlo e-con-full e-flex e-con e-parent\" data-id=\"inamdwlo\" data-element_type=\"container\">\n\t\t\t\t<\/div>\n\t\t\t\t\t<\/div>\n\t\t\t\t<\/div>\n\t\t<div class=\"elementor-element elementor-element-pxyt2m07 twbb_section e-con-boxed e-flex e-con e-parent\" data-id=\"pxyt2m07\" data-element_type=\"container\" id=\"our-process-from-consultation-to-implementation\">\n\t\t\t\t\t<div class=\"e-con-inner\">\n\t\t\t\t\t<\/div>\n\t\t\t\t<\/div>\n\t\t<div class=\"elementor-element elementor-element-t705qdny twbb_section e-con-boxed e-flex e-con e-parent\" data-id=\"t705qdny\" data-element_type=\"container\" id=\"who-we-serve\" data-settings=\"{&quot;background_background&quot;:&quot;classic&quot;}\">\n\t\t\t\t\t<div class=\"e-con-inner\">\n\t\t<div class=\"elementor-element elementor-element-p400bh1n e-con-full e-flex e-con e-parent\" data-id=\"p400bh1n\" data-element_type=\"container\">\n\t\t\t\t<div class=\"elementor-element elementor-element-fmc0nv8c elementor-widget__width-initial elementor-widget-mobile__width-inherit elementor-widget-tablet__width-initial elementor-invisible elementor-widget elementor-widget-heading\" data-id=\"fmc0nv8c\" data-element_type=\"widget\" data-settings=\"{&quot;_animation&quot;:&quot;fadeInUp&quot;}\" data-widget_type=\"heading.default\">\n\t\t\t\t\t<h2 class=\"elementor-heading-title elementor-size-default\">Nasi cenieni klienci<\/h2>\t\t\t\t<\/div>\n\t\t\t\t<div class=\"elementor-element elementor-element-arrthao9 elementor-widget__width-initial elementor-widget-mobile__width-inherit elementor-widget-tablet__width-initial elementor-invisible elementor-widget elementor-widget-text-editor\" data-id=\"arrthao9\" data-element_type=\"widget\" data-settings=\"{&quot;_animation&quot;:&quot;fadeInUp&quot;}\" data-widget_type=\"text-editor.default\">\n\t\t\t\t\t\t\t\t\tW Brain House wsp\u00f3\u0142pracujemy z r\u00f3\u017cnorodn\u0105 grup\u0105 klient\u00f3w, w tym z w\u0142a\u015bcicielami dom\u00f3w poszukuj\u0105cych inteligentnych rozwi\u0105za\u0144 mieszkaniowych, inwestorami d\u0105\u017c\u0105cymi do energooszcz\u0119dnych budynk\u00f3w oraz architektami projektuj\u0105cymi innowacyjne przestrzenie. Nasze indywidualne podej\u015bcie zapewnia, \u017ce ka\u017cdy projekt spe\u0142nia najwy\u017csze standardy komfortu, bezpiecze\u0144stwa i elegancji.\t\t\t\t\t\t\t\t<\/div>\n\t\t<div class=\"elementor-element elementor-element-b4m2o21k e-con-full e-flex e-con e-parent\" data-id=\"b4m2o21k\" data-element_type=\"container\">\n\t\t<div class=\"elementor-element elementor-element-frh8g62h e-con-full e-flex e-con e-parent\" data-id=\"frh8g62h\" data-element_type=\"container\">\n\t\t\t\t<div class=\"elementor-element elementor-element-i06p67ry elementor-widget__width-auto elementor-widget-mobile__width-auto elementor-widget-tablet__width-initial elementor-widget elementor-widget-counter\" data-id=\"i06p67ry\" data-element_type=\"widget\" data-widget_type=\"counter.default\">\n\t\t\t\t\t\t\t<div class=\"elementor-counter\">\n\t\t\t<div class=\"elementor-counter-title\">zainstalowanych inteligentnych dom\u00f3w<\/div>\t\t\t<div class=\"elementor-counter-number-wrapper\">\n\t\t\t\t<span class=\"elementor-counter-number-prefix\"><\/span>\n\t\t\t\t<span class=\"elementor-counter-number\" data-duration=\"2000\" data-to-value=\"150\" data-from-value=\"0\">0<\/span>\n\t\t\t\t<span class=\"elementor-counter-number-suffix\"> +<\/span>\n\t\t\t<\/div>\n\t\t<\/div>\n\t\t\t\t\t\t<\/div>\n\t\t\t\t<\/div>\n\t\t<div class=\"elementor-element elementor-element-gn76q34z e-con-full e-flex e-con e-parent\" data-id=\"gn76q34z\" data-element_type=\"container\">\n\t\t\t\t<div class=\"elementor-element elementor-element-t2aqlw43 elementor-widget__width-auto elementor-widget-mobile__width-auto elementor-widget-tablet__width-initial elementor-widget elementor-widget-counter\" data-id=\"t2aqlw43\" data-element_type=\"widget\" data-widget_type=\"counter.default\">\n\t\t\t\t\t\t\t<div class=\"elementor-counter\">\n\t\t\t<div class=\"elementor-counter-title\">osi\u0105gni\u0119te oszcz\u0119dno\u015bci energii<\/div>\t\t\t<div class=\"elementor-counter-number-wrapper\">\n\t\t\t\t<span class=\"elementor-counter-number-prefix\"><\/span>\n\t\t\t\t<span class=\"elementor-counter-number\" data-duration=\"2000\" data-to-value=\"50\" data-from-value=\"0\">0<\/span>\n\t\t\t\t<span class=\"elementor-counter-number-suffix\"> %<\/span>\n\t\t\t<\/div>\n\t\t<\/div>\n\t\t\t\t\t\t<\/div>\n\t\t\t\t<\/div>\n\t\t\t\t<\/div>\n\t\t<div class=\"elementor-element elementor-element-d6is8ta1 e-con-full e-flex e-con e-parent\" data-id=\"d6is8ta1\" data-element_type=\"container\">\n\t\t<div class=\"elementor-element elementor-element-2snxvbqe e-con-full e-flex e-con e-parent\" data-id=\"2snxvbqe\" data-element_type=\"container\">\n\t\t\t\t<div class=\"elementor-element elementor-element-d92dkwwx elementor-widget__width-auto elementor-widget-mobile__width-auto elementor-widget-tablet__width-initial elementor-widget elementor-widget-counter\" data-id=\"d92dkwwx\" data-element_type=\"widget\" data-widget_type=\"counter.default\">\n\t\t\t\t\t\t\t<div class=\"elementor-counter\">\n\t\t\t<div class=\"elementor-counter-title\">pomy\u015blnie zako\u0144czonych projekt\u00f3w<\/div>\t\t\t<div class=\"elementor-counter-number-wrapper\">\n\t\t\t\t<span class=\"elementor-counter-number-prefix\"><\/span>\n\t\t\t\t<span class=\"elementor-counter-number\" data-duration=\"2000\" data-to-value=\"300\" data-from-value=\"0\">0<\/span>\n\t\t\t\t<span class=\"elementor-counter-number-suffix\"> tys.<\/span>\n\t\t\t<\/div>\n\t\t<\/div>\n\t\t\t\t\t\t<\/div>\n\t\t\t\t<\/div>\n\t\t<div class=\"elementor-element elementor-element-j0p2qzmr e-con-full e-flex e-con e-parent\" data-id=\"j0p2qzmr\" data-element_type=\"container\">\n\t\t\t\t<div class=\"elementor-element elementor-element-cyef1wfv elementor-widget__width-auto elementor-widget-mobile__width-auto elementor-widget-tablet__width-initial elementor-widget elementor-widget-counter\" data-id=\"cyef1wfv\" data-element_type=\"widget\" data-widget_type=\"counter.default\">\n\t\t\t\t\t\t\t<div class=\"elementor-counter\">\n\t\t\t<div class=\"elementor-counter-title\">zadowolonych klient\u00f3w obs\u0142u\u017conych<\/div>\t\t\t<div class=\"elementor-counter-number-wrapper\">\n\t\t\t\t<span class=\"elementor-counter-number-prefix\"><\/span>\n\t\t\t\t<span class=\"elementor-counter-number\" data-duration=\"2000\" data-to-value=\"20\" data-from-value=\"0\">0<\/span>\n\t\t\t\t<span class=\"elementor-counter-number-suffix\"> tys.<\/span>\n\t\t\t<\/div>\n\t\t<\/div>\n\t\t\t\t\t\t<\/div>\n\t\t\t\t<\/div>\n\t\t\t\t<\/div>\n\t\t\t\t<\/div>\n\t\t\t\t<div class=\"elementor-element elementor-element-h0atmpsk elementor-widget__width-initial elementor-widget-mobile__width-inherit elementor-widget-tablet__width-initial elementor-widget elementor-widget-image\" data-id=\"h0atmpsk\" data-element_type=\"widget\" data-widget_type=\"image.default\">\n\t\t\t\t\t\t\t\t\t\t\t\t\t\t\t<img decoding=\"async\" src=\"https:\/\/superb-iguana-1.10web.cloud\/wp-content\/uploads\/2025\/11\/tenweb_media_sir7yhme2.webp\" title=\"\" alt=\"A professional team of engineers and designers working on a smart home system, showcasing modern technology and elegant design, suitable for residential and commercial projects\" loading=\"lazy\" \/>\t\t\t\t\t\t\t\t\t\t\t\t\t\t\t<\/div>\n\t\t\t\t\t<\/div>\n\t\t\t\t<\/div>\n\t\t<div class=\"elementor-element elementor-element-v5865g0r twbb_section e-con-boxed e-flex e-con e-parent\" data-id=\"v5865g0r\" data-element_type=\"container\" id=\"project-presentation\">\n\t\t\t\t\t<div class=\"e-con-inner\">\n\t\t\t\t<div class=\"elementor-element elementor-element-a8evhy09 elementor-widget__width-initial elementor-widget-mobile__width-inherit elementor-widget-tablet__width-initial elementor-widget elementor-widget-image\" data-id=\"a8evhy09\" data-element_type=\"widget\" data-widget_type=\"image.default\">\n\t\t\t\t\t\t\t\t\t\t\t\t\t\t\t<img decoding=\"async\" src=\"https:\/\/superb-iguana-1.10web.cloud\/wp-content\/uploads\/2025\/11\/tenweb_media_srvxiqfhi.webp\" title=\"\" alt=\"A collage of high-resolution images of modern smart home interiors, highlighting elegant design and integrated technology, suitable for a gallery display on the website.\" loading=\"lazy\" \/>\t\t\t\t\t\t\t\t\t\t\t\t\t\t\t<\/div>\n\t\t<div class=\"elementor-element elementor-element-bqzhor6h e-con-boxed e-flex e-con e-parent\" data-id=\"bqzhor6h\" data-element_type=\"container\">\n\t\t\t\t\t<div class=\"e-con-inner\">\n\t\t<div class=\"elementor-element elementor-element-jc8cuijd e-con-full e-flex e-con e-parent\" data-id=\"jc8cuijd\" data-element_type=\"container\">\n\t\t\t\t<div class=\"elementor-element elementor-element-jc6h7yy3 elementor-invisible elementor-widget elementor-widget-heading\" data-id=\"jc6h7yy3\" data-element_type=\"widget\" data-settings=\"{&quot;_animation&quot;:&quot;fadeInUp&quot;}\" data-widget_type=\"heading.default\">\n\t\t\t\t\t<h1 class=\"elementor-heading-title elementor-size-default\">Nasze Najnowsze Projekty<\/h1>\t\t\t\t<\/div>\n\t\t\t\t<div class=\"elementor-element elementor-element-g3n6csh3 elementor-invisible elementor-widget elementor-widget-text-editor\" data-id=\"g3n6csh3\" data-element_type=\"widget\" data-settings=\"{&quot;_animation&quot;:&quot;fadeInUp&quot;}\" data-widget_type=\"text-editor.default\">\n\t\t\t\t\t\t\t\t\tZapoznaj si\u0119 z naszym portfolio zrealizowanych instalacji inteligentnych dom\u00f3w, prezentuj\u0105cych innowacyjny design, p\u0142ynn\u0105 automatyzacj\u0119 i wysoki komfort u\u017cytkowania w r\u00f3\u017cnych przestrzeniach mieszkalnych i komercyjnych.\t\t\t\t\t\t\t\t<\/div>\n\t\t\t\t<div class=\"elementor-element elementor-element-4k1gtqvz elementor-widget__width-initial elementor-widget-mobile__width-inherit elementor-widget-tablet__width-initial elementor-align-left elementor-icon-list--layout-inline elementor-list-item-link-full_width elementor-widget elementor-widget-icon-list\" data-id=\"4k1gtqvz\" data-element_type=\"widget\" data-widget_type=\"icon-list.default\">\n\t\t\t\t\t\t\t<ul class=\"elementor-icon-list-items elementor-inline-items\">\n\t\t\t\t\t\t\t<li class=\"elementor-icon-list-item elementor-inline-item\">\n\t\t\t\t\t\t\t\t\t\t\t<span class=\"elementor-icon-list-icon\">\n\t\t\t\t\t\t\t<svg aria-hidden=\"true\" class=\"e-font-icon-svg e-fas-hashtag\" viewBox=\"0 0 448 512\" xmlns=\"http:\/\/www.w3.org\/2000\/svg\"><path d=\"M440.667 182.109l7.143-40c1.313-7.355-4.342-14.109-11.813-14.109h-74.81l14.623-81.891C377.123 38.754 371.468 32 363.997 32h-40.632a12 12 0 0 0-11.813 9.891L296.175 128H197.54l14.623-81.891C213.477 38.754 207.822 32 200.35 32h-40.632a12 12 0 0 0-11.813 9.891L132.528 128H53.432a12 12 0 0 0-11.813 9.891l-7.143 40C33.163 185.246 38.818 192 46.289 192h74.81L98.242 320H19.146a12 12 0 0 0-11.813 9.891l-7.143 40C-1.123 377.246 4.532 384 12.003 384h74.81L72.19 465.891C70.877 473.246 76.532 480 84.003 480h40.632a12 12 0 0 0 11.813-9.891L151.826 384h98.634l-14.623 81.891C234.523 473.246 240.178 480 247.65 480h40.632a12 12 0 0 0 11.813-9.891L315.472 384h79.096a12 12 0 0 0 11.813-9.891l7.143-40c1.313-7.355-4.342-14.109-11.813-14.109h-74.81l22.857-128h79.096a12 12 0 0 0 11.813-9.891zM261.889 320h-98.634l22.857-128h98.634l-22.857 128z\"><\/path><\/svg>\t\t\t\t\t\t<\/span>\n\t\t\t\t\t\t\t\t\t\t<span class=\"elementor-icon-list-text\">Eleganckie wn\u0119trze ze zintegrowanym o\u015bwietleniem i automatycznymi roletami<\/span>\n\t\t\t\t\t\t\t\t\t<\/li>\n\t\t\t\t\t\t\t\t<li class=\"elementor-icon-list-item elementor-inline-item\">\n\t\t\t\t\t\t\t\t\t\t\t<span class=\"elementor-icon-list-icon\">\n\t\t\t\t\t\t\t<svg aria-hidden=\"true\" class=\"e-font-icon-svg e-fas-hashtag\" viewBox=\"0 0 448 512\" xmlns=\"http:\/\/www.w3.org\/2000\/svg\"><path d=\"M440.667 182.109l7.143-40c1.313-7.355-4.342-14.109-11.813-14.109h-74.81l14.623-81.891C377.123 38.754 371.468 32 363.997 32h-40.632a12 12 0 0 0-11.813 9.891L296.175 128H197.54l14.623-81.891C213.477 38.754 207.822 32 200.35 32h-40.632a12 12 0 0 0-11.813 9.891L132.528 128H53.432a12 12 0 0 0-11.813 9.891l-7.143 40C33.163 185.246 38.818 192 46.289 192h74.81L98.242 320H19.146a12 12 0 0 0-11.813 9.891l-7.143 40C-1.123 377.246 4.532 384 12.003 384h74.81L72.19 465.891C70.877 473.246 76.532 480 84.003 480h40.632a12 12 0 0 0 11.813-9.891L151.826 384h98.634l-14.623 81.891C234.523 473.246 240.178 480 247.65 480h40.632a12 12 0 0 0 11.813-9.891L315.472 384h79.096a12 12 0 0 0 11.813-9.891l7.143-40c1.313-7.355-4.342-14.109-11.813-14.109h-74.81l22.857-128h79.096a12 12 0 0 0 11.813-9.891zM261.889 320h-98.634l22.857-128h98.634l-22.857 128z\"><\/path><\/svg>\t\t\t\t\t\t<\/span>\n\t\t\t\t\t\t\t\t\t\t<span class=\"elementor-icon-list-text\">Inteligentna przestrze\u0144 biurowa z kontrol\u0105 klimatu i kamerami bezpiecze\u0144stwa<\/span>\n\t\t\t\t\t\t\t\t\t<\/li>\n\t\t\t\t\t\t\t\t<li class=\"elementor-icon-list-item elementor-inline-item\">\n\t\t\t\t\t\t\t\t\t\t\t<span class=\"elementor-icon-list-icon\">\n\t\t\t\t\t\t\t<svg aria-hidden=\"true\" class=\"e-font-icon-svg e-fas-hashtag\" viewBox=\"0 0 448 512\" xmlns=\"http:\/\/www.w3.org\/2000\/svg\"><path d=\"M440.667 182.109l7.143-40c1.313-7.355-4.342-14.109-11.813-14.109h-74.81l14.623-81.891C377.123 38.754 371.468 32 363.997 32h-40.632a12 12 0 0 0-11.813 9.891L296.175 128H197.54l14.623-81.891C213.477 38.754 207.822 32 200.35 32h-40.632a12 12 0 0 0-11.813 9.891L132.528 128H53.432a12 12 0 0 0-11.813 9.891l-7.143 40C33.163 185.246 38.818 192 46.289 192h74.81L98.242 320H19.146a12 12 0 0 0-11.813 9.891l-7.143 40C-1.123 377.246 4.532 384 12.003 384h74.81L72.19 465.891C70.877 473.246 76.532 480 84.003 480h40.632a12 12 0 0 0 11.813-9.891L151.826 384h98.634l-14.623 81.891C234.523 473.246 240.178 480 247.65 480h40.632a12 12 0 0 0 11.813-9.891L315.472 384h79.096a12 12 0 0 0 11.813-9.891l7.143-40c1.313-7.355-4.342-14.109-11.813-14.109h-74.81l22.857-128h79.096a12 12 0 0 0 11.813-9.891zM261.889 320h-98.634l22.857-128h98.634l-22.857 128z\"><\/path><\/svg>\t\t\t\t\t\t<\/span>\n\t\t\t\t\t\t\t\t\t\t<span class=\"elementor-icon-list-text\">Luksusowe apartamenty z zaawansowanymi systemami audio i o\u015bwietlenia<\/span>\n\t\t\t\t\t\t\t\t\t<\/li>\n\t\t\t\t\t\t<\/ul>\n\t\t\t\t\t\t<\/div>\n\t\t\t\t<\/div>\n\t\t<div class=\"elementor-element elementor-element-kcr08o71 e-con-full e-grid e-con e-parent\" data-id=\"kcr08o71\" data-element_type=\"container\">\n\t\t<div class=\"elementor-element elementor-element-alhvmdon e-con-full e-flex e-con e-parent\" data-id=\"alhvmdon\" data-element_type=\"container\">\n\t\t\t\t<div class=\"elementor-element elementor-element-ofsdmzel elementor-invisible elementor-widget elementor-widget-heading\" data-id=\"ofsdmzel\" data-element_type=\"widget\" data-settings=\"{&quot;_animation&quot;:&quot;fadeInUp&quot;}\" data-widget_type=\"heading.default\">\n\t\t\t\t\t<h5 class=\"elementor-heading-title elementor-size-default\">Nowoczesny Dom Rodzinny w \u0141odzi<\/h5>\t\t\t\t<\/div>\n\t\t\t\t<div class=\"elementor-element elementor-element-zpeeeqto elementor-invisible elementor-widget elementor-widget-text-editor\" data-id=\"zpeeeqto\" data-element_type=\"widget\" data-settings=\"{&quot;_animation&quot;:&quot;fadeInUp&quot;}\" data-widget_type=\"text-editor.default\">\n\t\t\t\t\t\t\t\t\tStylowa rezydencja z automatycznym o\u015bwietleniem, zacienianiem, klimatyzacj\u0105 i systemem bezpiecze\u0144stwa, zapewniaj\u0105ca mieszka\u0144com komfort i spok\u00f3j.\t\t\t\t\t\t\t\t<\/div>\n\t\t\t\t<\/div>\n\t\t<div class=\"elementor-element elementor-element-6qh4gxiw e-con-full e-flex e-con e-parent\" data-id=\"6qh4gxiw\" data-element_type=\"container\">\n\t\t\t\t<div class=\"elementor-element elementor-element-y6rh1k8s elementor-invisible elementor-widget elementor-widget-heading\" data-id=\"y6rh1k8s\" data-element_type=\"widget\" data-settings=\"{&quot;_animation&quot;:&quot;fadeInUp&quot;}\" data-widget_type=\"heading.default\">\n\t\t\t\t\t<h5 class=\"elementor-heading-title elementor-size-default\">Automatyzacja Budynku Biurowego w Warszawie<\/h5>\t\t\t\t<\/div>\n\t\t\t\t<div class=\"elementor-element elementor-element-7awyckjj elementor-invisible elementor-widget elementor-widget-text-editor\" data-id=\"7awyckjj\" data-element_type=\"widget\" data-settings=\"{&quot;_animation&quot;:&quot;fadeInUp&quot;}\" data-widget_type=\"text-editor.default\">\n\t\t\t\t\t\t\t\t\tProjekt komercyjny wykorzystuj\u0105cy systemy oparte na KNX do zarz\u0105dzania o\u015bwietleniem, klimatem i bezpiecze\u0144stwem w celu zapewnienia efektywno\u015bci energetycznej i wygody.\t\t\t\t\t\t\t\t<\/div>\n\t\t\t\t<\/div>\n\t\t<div class=\"elementor-element elementor-element-3xrz9jnk e-con-full e-flex e-con e-parent\" data-id=\"3xrz9jnk\" data-element_type=\"container\">\n\t\t\t\t<div class=\"elementor-element elementor-element-l5wqekf8 elementor-invisible elementor-widget elementor-widget-heading\" data-id=\"l5wqekf8\" data-element_type=\"widget\" data-settings=\"{&quot;_animation&quot;:&quot;fadeInUp&quot;}\" data-widget_type=\"heading.default\">\n\t\t\t\t\t<h5 class=\"elementor-heading-title elementor-size-default\">Luksusowe Apartamenty w \u0141odzi<\/h5>\t\t\t\t<\/div>\n\t\t\t\t<div class=\"elementor-element elementor-element-l8ou6v3y elementor-invisible elementor-widget elementor-widget-text-editor\" data-id=\"l8ou6v3y\" data-element_type=\"widget\" data-settings=\"{&quot;_animation&quot;:&quot;fadeInUp&quot;}\" data-widget_type=\"text-editor.default\">\n\t\t\t\t\t\t\t\t\tEkskluzywne przestrzenie mieszkalne ze zintegrowanym inteligentnym o\u015bwietleniem, zacienianiem i systemem audio dla nowoczesnego komfortu.\t\t\t\t\t\t\t\t<\/div>\n\t\t\t\t<\/div>\n\t\t<div class=\"elementor-element elementor-element-qv8b1ja5 e-con-full e-flex e-con e-parent\" data-id=\"qv8b1ja5\" data-element_type=\"container\">\n\t\t\t\t<div class=\"elementor-element elementor-element-y778nhe9 elementor-invisible elementor-widget elementor-widget-heading\" data-id=\"y778nhe9\" data-element_type=\"widget\" data-settings=\"{&quot;_animation&quot;:&quot;fadeInUp&quot;}\" data-widget_type=\"heading.default\">\n\t\t\t\t\t<h5 class=\"elementor-heading-title elementor-size-default\">Portfolio<\/h5>\t\t\t\t<\/div>\n\t\t\t\t<div class=\"elementor-element elementor-element-z8djephm elementor-invisible elementor-widget elementor-widget-text-editor\" data-id=\"z8djephm\" data-element_type=\"widget\" data-settings=\"{&quot;_animation&quot;:&quot;fadeInUp&quot;}\" data-widget_type=\"text-editor.default\">\n\t\t\t\t\t\t\t\t\tZobacz nasze realizacje\t\t\t\t\t\t\t\t<\/div>\n\t\t\t\t<\/div>\n\t\t\t\t<\/div>\n\t\t\t\t\t<\/div>\n\t\t\t\t<\/div>\n\t\t\t\t\t<\/div>\n\t\t\t\t<\/div>\n\t\t<div class=\"elementor-element elementor-element-qvi8h1ba twbb_section e-con-boxed e-flex e-con e-parent\" data-id=\"qvi8h1ba\" data-element_type=\"container\" id=\"testimonials\" data-settings=\"{&quot;background_background&quot;:&quot;classic&quot;}\">\n\t\t\t\t\t<div class=\"e-con-inner\">\n\t\t\t\t<div class=\"elementor-element elementor-element-mhkcjj7m elementor-widget__width-initial elementor-widget-mobile__width-inherit elementor-widget-tablet__width-initial elementor-invisible elementor-widget elementor-widget-heading\" data-id=\"mhkcjj7m\" data-element_type=\"widget\" data-settings=\"{&quot;_animation&quot;:&quot;fadeInUp&quot;}\" data-widget_type=\"heading.default\">\n\t\t\t\t\t<h2 class=\"elementor-heading-title elementor-size-default\">Co M\u00f3wi\u0105 Nasi Klienci<\/h2>\t\t\t\t<\/div>\n\t\t\t\t<div class=\"elementor-element elementor-element-oima7eqc elementor-widget__width-initial elementor-widget-mobile__width-inherit elementor-widget-tablet__width-initial elementor-invisible elementor-widget elementor-widget-text-editor\" data-id=\"oima7eqc\" data-element_type=\"widget\" data-settings=\"{&quot;_animation&quot;:&quot;fadeInUp&quot;}\" data-widget_type=\"text-editor.default\">\n\t\t\t\t\t\t\t\t\tOdkryj, jak Brain House odmieni\u0142 domy i biura dzi\u0119ki inteligentnym rozwi\u0105zaniom.\t\t\t\t\t\t\t\t<\/div>\n\t\t<div class=\"elementor-element elementor-element-zl0k0fus e-con-full e-flex e-con e-parent\" data-id=\"zl0k0fus\" data-element_type=\"container\">\n\t\t\t\t<\/div>\n\t\t\t\t\t<\/div>\n\t\t\t\t<\/div>\n\t\t\t\t<\/div>\n\t\t","protected":false},"excerpt":{"rendered":"","protected":false},"author":1,"featured_media":0,"parent":0,"menu_order":0,"comment_status":"closed","ping_status":"publish","template":"","meta":{"two_page_speed":{"current_score":{"desktop_score":97,"desktop_tti":"0.7\u00a0","mobile_score":88,"mobile_tti":"3.1\u00a0","date":"23.11.2025 08:51:56 pm","status":"completed"}},"footnotes":""},"class_list":["post-484","page","type-page","status-publish","hentry"],"_links":{"self":[{"href":"https:\/\/new.brainhouse.pl\/index.php?rest_route=\/wp\/v2\/pages\/484","targetHints":{"allow":["GET"]}}],"collection":[{"href":"https:\/\/new.brainhouse.pl\/index.php?rest_route=\/wp\/v2\/pages"}],"about":[{"href":"https:\/\/new.brainhouse.pl\/index.php?rest_route=\/wp\/v2\/types\/page"}],"author":[{"embeddable":true,"href":"https:\/\/new.brainhouse.pl\/index.php?rest_route=\/wp\/v2\/users\/1"}],"replies":[{"embeddable":true,"href":"https:\/\/new.brainhouse.pl\/index.php?rest_route=%2Fwp%2Fv2%2Fcomments&post=484"}],"version-history":[{"count":0,"href":"https:\/\/new.brainhouse.pl\/index.php?rest_route=\/wp\/v2\/pages\/484\/revisions"}],"wp:attachment":[{"href":"https:\/\/new.brainhouse.pl\/index.php?rest_route=%2Fwp%2Fv2%2Fmedia&parent=484"}],"curies":[{"name":"wp","href":"https:\/\/api.w.org\/{rel}","templated":true}]}}