{"id":167,"date":"2025-11-23T19:57:54","date_gmt":"2025-11-23T18:57:54","guid":{"rendered":"https:\/\/superb-iguana-1.10web.cloud\/polityka-prywatnosci\/"},"modified":"2025-11-23T19:57:54","modified_gmt":"2025-11-23T18:57:54","slug":"polityka-prywatnosci","status":"publish","type":"page","link":"https:\/\/new.brainhouse.pl\/?page_id=167","title":{"rendered":"Polityka prywatno\u015bci"},"content":{"rendered":"\t\t<div data-elementor-type=\"wp-page\" data-elementor-id=\"167\" class=\"elementor elementor-167\">\n\t\t\t\t<div class=\"elementor-element elementor-element-tzcvv4mz twbb_section e-con-boxed e-flex e-con e-parent\" data-id=\"tzcvv4mz\" data-element_type=\"container\">\n\t\t\t\t\t<div class=\"e-con-inner\">\n\t\t\t\t<div class=\"elementor-element elementor-element-1n9snnyd elementor-widget__width-initial elementor-widget-mobile__width-inherit elementor-widget-tablet__width-initial elementor-invisible elementor-widget elementor-widget-heading\" data-id=\"1n9snnyd\" data-element_type=\"widget\" data-settings=\"{&quot;_animation&quot;:&quot;fadeInUp&quot;}\" data-widget_type=\"heading.default\">\n\t\t\t\t\t<h1 class=\"elementor-heading-title elementor-size-default\">Polityka prywatno\u015bci<\/h1>\t\t\t\t<\/div>\n\t\t\t\t\t<\/div>\n\t\t\t\t<\/div>\n\t\t<div class=\"elementor-element elementor-element-823ef3oo twbb_section e-con-boxed e-flex e-con e-parent\" data-id=\"823ef3oo\" data-element_type=\"container\">\n\t\t\t\t\t<div class=\"e-con-inner\">\n\t\t\t\t<div class=\"elementor-element elementor-element-ng820t0q elementor-widget__width-initial elementor-widget-mobile__width-inherit elementor-widget-tablet__width-initial elementor-invisible elementor-widget elementor-widget-text-editor\" data-id=\"ng820t0q\" data-element_type=\"widget\" data-settings=\"{&quot;_animation&quot;:&quot;fadeInUp&quot;}\" data-widget_type=\"text-editor.default\">\n\t\t\t\t\t\t\t\t\t<p>Twoja prywatno\u015b\u0107 jest wa\u017cna dla Brain House. Niniejsza polityka prywatno\u015bci wyja\u015bnia, w jaki spos\u00f3b gromadzimy, wykorzystujemy i chronimy Twoje dane osobowe. Korzystaj\u0105c z naszej strony internetowej i us\u0142ug, wyra\u017casz zgod\u0119 na praktyki opisane w niniejszej polityce.<\/p>\n\n<p><b>1. Informacje, kt\u00f3re gromadzimy<\/b><\/p>\n<p>Mo\u017cemy gromadzi\u0107 nast\u0119puj\u0105ce rodzaje danych osobowych:<\/p>\n<ul>\n    <li><b>Dane kontaktowe:<\/b> Imi\u0119 i nazwisko, adres e-mail, numer telefonu i adres. Informacje te s\u0105 gromadzone, gdy wype\u0142niasz formularz kontaktowy, prosisz o wycen\u0119 lub komunikujesz si\u0119 z nami bezpo\u015brednio.<\/li>\n    <li><b>Dane dotycz\u0105ce u\u017cytkowania:<\/b> Informacje o tym, jak korzystasz z naszej strony internetowej, w tym Tw\u00f3j adres IP, typ przegl\u0105darki, odwiedzane strony i czas sp\u0119dzony na naszej stronie. U\u017cywamy plik\u00f3w cookie i podobnych technologii do gromadzenia tych danych.<\/li>\n    <li><b>Informacje o projekcie:<\/b> Szczeg\u00f3\u0142y dotycz\u0105ce wymaga\u0144, preferencji i specyfikacji Twojego projektu. Informacje te s\u0105 gromadzone, gdy korzystasz z naszych us\u0142ug w zakresie instalacji elektrycznych i telekomunikacyjnych.<\/li>\n<\/ul>\n\n<p><b>2. Jak wykorzystujemy Twoje informacje<\/b><\/p>\n<p>Wykorzystujemy Twoje dane osobowe w nast\u0119puj\u0105cych celach:<\/p>\n<ul>\n    <li><b>\u015awiadczenie us\u0142ug:<\/b> Projektowanie i wdra\u017canie instalacji elektrycznych i telekomunikacyjnych, w tym system\u00f3w inteligentnego domu wykorzystuj\u0105cych technologi\u0119 KNX\/EIB. Obejmuje to komunikacj\u0119 z Tob\u0105 w sprawie Twojego projektu, umawianie spotka\u0144 i zapewnianie wsparcia technicznego.<\/li>\n    <li><b>Komunikacja:<\/b> Odpowiadanie na Twoje zapytania, zapewnianie obs\u0142ugi klienta i wysy\u0142anie aktualizacji dotycz\u0105cych naszych us\u0142ug. Mo\u017cemy r\u00f3wnie\u017c wysy\u0142a\u0107 Ci materia\u0142y promocyjne i biuletyny, ale mo\u017cesz zrezygnowa\u0107 z tych komunikat\u00f3w w dowolnym momencie.<\/li>\n    <li><b>Ulepszanie naszej strony internetowej:<\/b> Analizowanie danych dotycz\u0105cych u\u017cytkowania i ulepszanie funkcjonalno\u015bci i komfortu u\u017cytkowania naszej strony internetowej. Pomaga nam to zrozumie\u0107, w jaki spos\u00f3b odwiedzaj\u0105cy wchodz\u0105 w interakcje z nasz\u0105 stron\u0105 i identyfikowa\u0107 obszary wymagaj\u0105ce ulepsze\u0144.<\/li>\n    <li><b>Przestrzeganie zobowi\u0105za\u0144 prawnych:<\/b> Przestrzeganie obowi\u0105zuj\u0105cych przepis\u00f3w prawa, regulacji i proces\u00f3w prawnych. Mo\u017ce to obejmowa\u0107 odpowiadanie na \u017c\u0105dania prawne i ochron\u0119 naszych praw i interes\u00f3w.<\/li>\n<\/ul>\n\n<p><b>3. Udost\u0119pnianie i ujawnianie danych<\/b><\/p>\n<p>Mo\u017cemy udost\u0119pnia\u0107 Twoje dane osobowe nast\u0119puj\u0105cym stronom:<\/p>\n<ul>\n    <li><b>Us\u0142ugodawcy:<\/b> Us\u0142ugodawcy zewn\u0119trzni, kt\u00f3rzy pomagaj\u0105 nam w \u015bwiadczeniu naszych us\u0142ug, takich jak wsparcie IT, analiza danych i marketing. Us\u0142ugodawcy ci s\u0105 zobowi\u0105zani umow\u0105 do ochrony Twoich danych i wykorzystywania ich wy\u0142\u0105cznie do cel\u00f3w, kt\u00f3re okre\u015blimy.<\/li>\n    <li><b>Partnerzy biznesowi:<\/b> Partnerzy, kt\u00f3rzy wsp\u00f3\u0142pracuj\u0105 z nami przy konkretnych projektach lub us\u0142ugach. B\u0119dziemy udost\u0119pnia\u0107 Twoje dane tym partnerom tylko wtedy, gdy b\u0119dzie to konieczne do realizacji wymaga\u0144 Twojego projektu.<\/li>\n    <li><b>Organy prawne:<\/b> Agencje rz\u0105dowe, organy \u015bcigania lub inne podmioty prawne, gdy jest to wymagane przez prawo lub proces prawny. Ujawnimy Twoje dane tylko wtedy, gdy b\u0119dziemy w dobrej wierze przekonani, \u017ce jest to konieczne do przestrzegania zobowi\u0105zania prawnego.<\/li>\n<\/ul>\n\n<p>Nie sprzedajemy, nie wynajmujemy ani nie handlujemy Twoimi danymi osobowymi stronom trzecim w celach marketingowych.<\/p>\n\n<p><b>4. Bezpiecze\u0144stwo danych<\/b><\/p>\n<p>Podejmujemy uzasadnione \u015brodki w celu ochrony Twoich danych osobowych przed nieautoryzowanym dost\u0119pem, wykorzystaniem lub ujawnieniem. \u015arodki te obejmuj\u0105:<\/p>\n<ul>\n    <li><b>Szyfrowanie:<\/b> U\u017cywanie szyfrowania do ochrony wra\u017cliwych danych podczas przesy\u0142ania i przechowywania.<\/li>\n    <li><b>Kontrola dost\u0119pu:<\/b> Ograniczenie dost\u0119pu do danych osobowych tylko do upowa\u017cnionego personelu.<\/li>\n    <li><b>Audyty bezpiecze\u0144stwa:<\/b> Przeprowadzanie regularnych audyt\u00f3w bezpiecze\u0144stwa w celu identyfikacji i rozwi\u0105zywania potencjalnych luk w zabezpieczeniach.<\/li>\n<\/ul>\n\n<p>Jednak \u017cadna metoda przesy\u0142ania lub przechowywania danych nie jest ca\u0142kowicie bezpieczna i nie mo\u017cemy zagwarantowa\u0107 absolutnego bezpiecze\u0144stwa Twoich danych.<\/p>\n\n<p><b>5. Pliki cookie i technologie \u015bledzenia<\/b><\/p>\n<p>U\u017cywamy plik\u00f3w cookie i podobnych technologii \u015bledzenia do gromadzenia danych dotycz\u0105cych u\u017cytkowania i ulepszania Twojego do\u015bwiadczenia na naszej stronie internetowej. Pliki cookie to ma\u0142e pliki tekstowe, kt\u00f3re s\u0105 przechowywane na Twoim urz\u0105dzeniu, gdy odwiedzasz stron\u0119 internetow\u0105. Mo\u017cesz kontrolowa\u0107 u\u017cywanie plik\u00f3w cookie za pomoc\u0105 ustawie\u0144 przegl\u0105darki. Jednak wy\u0142\u0105czenie plik\u00f3w cookie mo\u017ce wp\u0142yn\u0105\u0107 na funkcjonalno\u015b\u0107 naszej strony internetowej.<\/p>\n\n<p><b>6. Twoje prawa<\/b><\/p>\n<p>Masz nast\u0119puj\u0105ce prawa dotycz\u0105ce Twoich danych osobowych:<\/p>\n<ul>\n    <li><b>Dost\u0119p:<\/b> Masz prawo dost\u0119pu do danych osobowych, kt\u00f3re posiadamy na Tw\u00f3j temat.<\/li>\n    <li><b>Poprawianie:<\/b> Masz prawo za\u017c\u0105da\u0107, aby\u015bmy poprawili wszelkie niedok\u0142adne lub niekompletne informacje.<\/li>\n    <li><b>Usuwanie:<\/b> Masz prawo za\u017c\u0105da\u0107, aby\u015bmy usun\u0119li Twoje dane osobowe, z zastrze\u017ceniem pewnych wyj\u0105tk\u00f3w.<\/li>\n    <li><b>Sprzeciw:<\/b> Masz prawo sprzeciwi\u0107 si\u0119 przetwarzaniu Twoich danych osobowych w okre\u015blonych celach, takich jak marketing.<\/li>\n    <li><b>Ograniczenie:<\/b> Masz prawo za\u017c\u0105da\u0107, aby\u015bmy ograniczyli przetwarzanie Twoich danych osobowych w okre\u015blonych okoliczno\u015bciach.<\/li>\n    <li><b>Przenoszenie danych:<\/b> Masz prawo otrzyma\u0107 Twoje dane osobowe w ustrukturyzowanym, powszechnie u\u017cywanym i nadaj\u0105cym si\u0119 do odczytu maszynowego formacie oraz przes\u0142a\u0107 je innemu administratorowi.<\/li>\n<\/ul>\n\n<p>Aby skorzysta\u0107 z tych praw, skontaktuj si\u0119 z nami pod adresem <a href=\"mailto:info@brainhouse.com\">info@brainhouse.com<\/a>. Odpowiemy na Twoj\u0105 pro\u015bb\u0119 w rozs\u0105dnym terminie.<\/p>\n\n<p><b>7. Strony internetowe os\u00f3b trzecich<\/b><\/p>\n<p>Nasza strona internetowa mo\u017ce zawiera\u0107 \u0142\u0105cza do stron internetowych os\u00f3b trzecich. Nie ponosimy odpowiedzialno\u015bci za praktyki dotycz\u0105ce prywatno\u015bci ani zawarto\u015b\u0107 tych stron internetowych. Zach\u0119camy do zapoznania si\u0119 z polityk\u0105 prywatno\u015bci ka\u017cdej odwiedzanej strony internetowej osoby trzeciej.<\/p>\n\n<p><b>8. Prywatno\u015b\u0107 dzieci<\/b><\/p>\n<p>Nasza strona internetowa i us\u0142ugi nie s\u0105 skierowane do dzieci poni\u017cej 13 roku \u017cycia i nie gromadzimy \u015bwiadomie danych osobowych od dzieci. Je\u015bli uwa\u017casz, \u017ce nieumy\u015blnie zebrali\u015bmy dane osobowe od dziecka, skontaktuj si\u0119 z nami natychmiast, a podejmiemy kroki w celu usuni\u0119cia tych informacji.<\/p>\n\n<p><b>9. Zmiany w niniejszej Polityce prywatno\u015bci<\/b><\/p>\n<p>Mo\u017cemy od czasu do czasu aktualizowa\u0107 niniejsz\u0105 polityk\u0119 prywatno\u015bci, aby odzwierciedli\u0107 zmiany w naszych praktykach lub wymaganiach prawnych. Opublikujemy wszelkie zmiany na naszej stronie internetowej i zaktualizujemy dat\u0119 wej\u015bcia w \u017cycie. Dalsze korzystanie z naszej strony internetowej i us\u0142ug po dacie wej\u015bcia w \u017cycie oznacza akceptacj\u0119 zmienionej polityki prywatno\u015bci.<\/p>\n\n<p><b>10. Dane kontaktowe<\/b><\/p>\n<p>Je\u015bli masz jakiekolwiek pytania lub w\u0105tpliwo\u015bci dotycz\u0105ce niniejszej polityki prywatno\u015bci, skontaktuj si\u0119 z nami pod adresem:<\/p>\n<p>Brain House<\/p>\n<p><a href=\"mailto:info@brainhouse.com\">info@brainhouse.com<\/a><\/p>\n\n<p>Data wej\u015bcia w \u017cycie: [Data]<\/p>\t\t\t\t\t\t\t\t<\/div>\n\t\t\t\t\t<\/div>\n\t\t\t\t<\/div>\n\t\t\t\t<\/div>\n\t\t","protected":false},"excerpt":{"rendered":"","protected":false},"author":1,"featured_media":0,"parent":0,"menu_order":0,"comment_status":"closed","ping_status":"publish","template":"","meta":{"two_page_speed":[],"footnotes":""},"class_list":["post-167","page","type-page","status-publish","hentry"],"_links":{"self":[{"href":"https:\/\/new.brainhouse.pl\/index.php?rest_route=\/wp\/v2\/pages\/167","targetHints":{"allow":["GET"]}}],"collection":[{"href":"https:\/\/new.brainhouse.pl\/index.php?rest_route=\/wp\/v2\/pages"}],"about":[{"href":"https:\/\/new.brainhouse.pl\/index.php?rest_route=\/wp\/v2\/types\/page"}],"author":[{"embeddable":true,"href":"https:\/\/new.brainhouse.pl\/index.php?rest_route=\/wp\/v2\/users\/1"}],"replies":[{"embeddable":true,"href":"https:\/\/new.brainhouse.pl\/index.php?rest_route=%2Fwp%2Fv2%2Fcomments&post=167"}],"version-history":[{"count":0,"href":"https:\/\/new.brainhouse.pl\/index.php?rest_route=\/wp\/v2\/pages\/167\/revisions"}],"wp:attachment":[{"href":"https:\/\/new.brainhouse.pl\/index.php?rest_route=%2Fwp%2Fv2%2Fmedia&parent=167"}],"curies":[{"name":"wp","href":"https:\/\/api.w.org\/{rel}","templated":true}]}}