{"id":163,"date":"2025-11-23T19:57:54","date_gmt":"2025-11-23T18:57:54","guid":{"rendered":"https:\/\/superb-iguana-1.10web.cloud\/uslugi\/"},"modified":"2025-11-23T19:57:54","modified_gmt":"2025-11-23T18:57:54","slug":"uslugi","status":"publish","type":"page","link":"https:\/\/new.brainhouse.pl\/?page_id=163","title":{"rendered":"Us\u0142ugi"},"content":{"rendered":"\t\t<div data-elementor-type=\"wp-page\" data-elementor-id=\"163\" class=\"elementor elementor-163\">\n\t\t\t\t<div class=\"elementor-element elementor-element-9xd3fh7m twbb_section twbb_full_h e-con-boxed e-flex e-con e-parent\" data-id=\"9xd3fh7m\" data-element_type=\"container\" id=\"comprehensive-electrical-solutions-for-your-needs\" data-settings=\"{&quot;background_background&quot;:&quot;classic&quot;}\">\n\t\t\t\t\t<div class=\"e-con-inner\">\n\t\t\t\t<div class=\"elementor-element elementor-element-5hfwkjp3 elementor-widget__width-initial elementor-widget-mobile__width-inherit elementor-widget-tablet__width-initial elementor-invisible elementor-widget elementor-widget-text-editor\" data-id=\"5hfwkjp3\" data-element_type=\"widget\" data-settings=\"{&quot;_animation&quot;:&quot;fadeInUp&quot;}\" data-widget_type=\"text-editor.default\">\n\t\t\t\t\t\t\t\t\tW Brain House rozumiemy, jak wa\u017cne s\u0105 niezawodne i wydajne systemy elektryczne. Specjalizujemy si\u0119 w dostarczaniu kompleksowych rozwi\u0105za\u0144 elektrycznych i telekomunikacyjnych, w tym zaawansowanej technologii KNX\/EIB dla inteligentnych dom\u00f3w i budynk\u00f3w. Od projektu po wdro\u017cenie, zapewniamy, \u017ce Tw\u00f3j projekt jest realizowany z fachowo\u015bci\u0105 i staranno\u015bci\u0105. Dowiedz si\u0119, jak mo\u017cemy zasili\u0107 Twoj\u0105 przestrze\u0144 innowacjami i niezawodno\u015bci\u0105. Dowiedz si\u0119 wi\u0119cej o nas.\t\t\t\t\t\t\t\t<\/div>\n\t\t\t\t\t<\/div>\n\t\t\t\t<\/div>\n\t\t<div class=\"elementor-element elementor-element-z1r0u1oo twbb_section e-con-boxed e-flex e-con e-parent\" data-id=\"z1r0u1oo\" data-element_type=\"container\" id=\"our-service-offer\">\n\t\t\t\t\t<div class=\"e-con-inner\">\n\t\t\t\t\t<\/div>\n\t\t\t\t<\/div>\n\t\t\t\t<\/div>\n\t\t","protected":false},"excerpt":{"rendered":"","protected":false},"author":1,"featured_media":0,"parent":0,"menu_order":0,"comment_status":"closed","ping_status":"publish","template":"","meta":{"two_page_speed":[],"footnotes":""},"class_list":["post-163","page","type-page","status-publish","hentry"],"_links":{"self":[{"href":"https:\/\/new.brainhouse.pl\/index.php?rest_route=\/wp\/v2\/pages\/163","targetHints":{"allow":["GET"]}}],"collection":[{"href":"https:\/\/new.brainhouse.pl\/index.php?rest_route=\/wp\/v2\/pages"}],"about":[{"href":"https:\/\/new.brainhouse.pl\/index.php?rest_route=\/wp\/v2\/types\/page"}],"author":[{"embeddable":true,"href":"https:\/\/new.brainhouse.pl\/index.php?rest_route=\/wp\/v2\/users\/1"}],"replies":[{"embeddable":true,"href":"https:\/\/new.brainhouse.pl\/index.php?rest_route=%2Fwp%2Fv2%2Fcomments&post=163"}],"version-history":[{"count":0,"href":"https:\/\/new.brainhouse.pl\/index.php?rest_route=\/wp\/v2\/pages\/163\/revisions"}],"wp:attachment":[{"href":"https:\/\/new.brainhouse.pl\/index.php?rest_route=%2Fwp%2Fv2%2Fmedia&parent=163"}],"curies":[{"name":"wp","href":"https:\/\/api.w.org\/{rel}","templated":true}]}}